 r(7). Calculate the highest common factor of 45 and j.
9
Suppose j + 0*j - 9 = 0. Suppose -8*q = -183 - 33. What is the greatest common factor of q and j?
9
Let m be -2 - (27/(-3) + 2). Suppose -m*p + 8 = -27. Calculate the highest common divisor of p and 14.
7
Let n(v) = -5*v - 6. Let r(f) = f. Let d(l) = -n(l) + 5*r(l). Let z be d(7). Suppose -z + 268 = 3*y. What is the highest common factor of y and 8?
8
Let n = 3 - 3. Let j be 1 + 1 + (n - -1). What is the highest common factor of j and 3?
3
Suppose u = -u + 66. What is the highest common divisor of u and 330?
33
Let b be (9/6)/((-6)/(-80)). Let f = b + -11. Let u = -2 - -3. What is the highest common factor of u and f?
1
Let t be (-120)/(-16)*8/3. Suppose -4*j = -3*q + 1, q - 5*q = t. Let b be (-3)/2 - 246/j. What is the greatest common divisor of b and 12?
12
Let o be (-24)/(-21)*(-7)/(-2). Suppose -4*j + 28 = -3*x, 0 = o*j + x - 2*x - 20. Calculate the highest common factor of 20 and j.
4
Let p(n) = n**2 - 5*n + 5. Let k be p(-5). Suppose -110 = 5*o + 45. Let h = o + k. What is the highest common factor of 60 and h?
12
Let g(n) = -2*n - 10. Let p be g(-7). Suppose p*z = -10 + 66. Calculate the greatest common factor of 154 and z.
14
Suppose -24 = -2*q + y + 3*y, 0 = -2*q - y + 19. Calculate the greatest common factor of 4 and q.
2
Suppose 5*s + 234 = -5*g + 1089, -4*s + 2*g + 684 = 0. Let m = 105 - 86. What is the greatest common divisor of m and s?
19
Let i(l) = l**2 + 8*l + 5. Let s be i(-7). Let h be (3/s)/(3/(-4)). Let c = 26 + -8. What is the highest common factor of c and h?
2
Suppose -4*p + 0 = 24. Let t = p - -14. Let m = 17 - t. Calculate the highest common divisor of 3 and m.
3
Let q = 29 + -57. Let z be 59/4 - 7/q. What is the greatest common factor of 75 and z?
15
Let d = 25 + -18. Calculate the greatest common divisor of 14 and d.
7
Suppose -6*h + 137 + 79 = 0. What is the greatest common divisor of h and 324?
36
Suppose 0*a = -v + 3*a + 20, 3*a - 13 = -2*v. Let c = -88 - -187. Calculate the highest common factor of v and c.
11
Let n(s) = s**2 + 2*s - 6. Let h be n(-5). Suppose 2*q - 1 = h. Calculate the highest common factor of 40 and q.
5
Let x be 14/4 + 2/(-4). What is the greatest common divisor of 3 and x?
3
Let j be 4 + (13 - (-2 + 6)). What is the highest common factor of j and 65?
13
Let g(i) = i - 2. Let n = -3 + 9. Let l be g(n). Suppose 3*a = l*u - 107, 2*a - 102 = -4*u - 0*a. What is the greatest common divisor of u and 65?
13
Let r = -11 + 22. Calculate the greatest common factor of 88 and r.
11
Let z(q) = -q**3 + 2*q**2 + 5*q - 2. Let h be z(3). Let p = 8 - h. What is the greatest common factor of 6 and p?
2
Suppose -2*x + 18 = x. Suppose 3*q = 12, -2*f - 128 = -x*f + 4*q. What is the highest common factor of 90 and f?
18
Let x be -2*(-3)/(-6) - -15. Suppose -2*w = -x - 24. What is the highest common divisor of w and 152?
19
Let d be 57/2 - (-9)/(-6). Calculate the highest common divisor of d and 108.
27
Let g = -286 + 418. What is the greatest common divisor of g and 33?
33
Let f(p) be the second derivative of -p**3/3 - 2*p**2 + p. Let v be f(-5). Let a be v/(-27) - (-148)/18. Calculate the highest common factor of a and 2.
2
Suppose 7 = 5*p - 33. What is the highest common factor of 8 and p?
8
Let h = -4 - -17. What is the greatest common factor of h and 104?
13
Let u = 5 + -2. Let x = 10 - u. Calculate the greatest common factor of 21 and x.
7
Let g(p) = 12*p + 33. Let z(a) = 4*a + 11. Let t(i) = -4*g(i) + 11*z(i). Let x be t(-8). What is the highest common divisor of x and 14?
7
Let v be (-57)/38 + -1 + 413/2. What is the highest common divisor of v and 51?
51
Suppose -5*b + b + 16 = 0. Suppose x - b = -1. Suppose h + 0*n - x = -n, 5*n - 9 = -3*h. Calculate the highest common divisor of h and 9.
3
Let z be -3 - -7 - (-128)/2. What is the greatest common divisor of z and 17?
17
Let g be (-34)/(-9) + 10/45. Suppose 4*v - g*j - 48 = 0, -v - 3*v = j - 43. Calculate the highest common divisor of v and 121.
11
Let l(s) = s**2 + 7*s + 6. Let y be l(-6). Suppose -w + y*w + 1 = 0. What is the highest common factor of 9 and w?
1
Let o = 7 + -4. Suppose y + 9 = 4*y. Calculate the greatest common divisor of y and o.
3
Suppose 5*w = 15 - 0. Calculate the highest common factor of w and 24.
3
Let r be (1 + (-2 - 20))*-1. Calculate the greatest common divisor of r and 14.
7
Suppose -l - 4 = -o, -3*o + 5*o - 5*l - 8 = 0. What is the highest common divisor of 2 and o?
2
Suppose -6*m - 48 = -10*m - o, o = 2*m - 24. Calculate the highest common factor of 108 and m.
12
Suppose 4*m = 0, -5*m = -0*s - s + 90. Calculate the highest common divisor of s and 20.
10
Let v(n) = -5*n**2 + 2*n + 4. Let q be v(-3). Suppose 2 = -4*r - 10. Let d be q/(-4) + r/(-12). What is the greatest common divisor of d and 6?
6
Let z be 14/(-63) - 25/9. Let t(w) = w**2 + 2*w - 2. Let q be t(z). What is the highest common divisor of q and 11?
1
Suppose 0 = -5*d + 15, -332 = -3*a - d - 5. What is the highest common divisor of a and 12?
12
Suppose -2*t = 3*t + 350. Let n = t + 33. Let h = 7 - n. Calculate the greatest common divisor of h and 11.
11
Let s(q) = q + 3. Let o be s(3). Let a be (-3)/(9/o) - -11. What is the greatest common factor of 99 and a?
9
Let g be 30/7 + (-4)/14. Suppose -3*j + 0*x + 4*x = 48, -5*x = 0. Let t = 0 - j. Calculate the greatest common divisor of g and t.
4
Suppose -3*q - 6 = -3*b - 0, -26 = -4*b - 5*q. What is the greatest common divisor of b and 2?
2
Let o(q) = 2*q**2 - q + 119. Let c be o(0). Calculate the highest common divisor of 17 and c.
17
Let a = 7 - -5. Let r be (-2)/(-4)*1*a. Let i(p) = 2*p - 4. Let b be i(3). Calculate the highest common factor of r and b.
2
Let o = 7 - -2. Let m(c) = 5*c**2 - 4*c + 3. Let d be m(3). What is the highest common factor of d and o?
9
Let f(x) = 70*x**2 - x + 1. Let u be f(1). What is the highest common divisor of u and 20?
10
Let l be (2 + 24*1)*4. Suppose 5*x = 2*d + x - l, -d = -4*x - 44. Calculate the highest common factor of 15 and d.
15
Suppose -5*u + 22 = 2. Suppose 3*z = u*z - 20. Calculate the highest common factor of z and 30.
10
Let p be (-1)/(3 + (-26)/8). Let h be (2/p)/((-5)/(-60)). What is the greatest common factor of h and 42?
6
Suppose -3*h + 10 - 2 = -5*p, -4*h + 3*p + 7 = 0. Let o be (h - 11)/((-3)/24). What is the highest common divisor of o and 10?
10
Let v = -2 - -5. Let x be (61 - v) + (0 - -2). What is the highest common divisor of x and 24?
12
Suppose 0 = 4*z - 28 - 12. What is the highest common factor of 60 and z?
10
Let b(c) = 4*c - 4. Let j be b(4). Let k be 2 + 64*j/8. Calculate the highest common factor of k and 14.
14
Suppose -239 = -5*v - 4*a, -v + 22 + 17 = 3*a. Let i = v - 26. Suppose 29 = 2*g - h, -3*g + 3*h + 14 = -i. Calculate the greatest common divisor of 4 and g.
4
Let q(t) = -4*t**3 - 2*t**2 - t. Suppose 3*u + 3*w = -3, -4 + 8 = -4*u - w. Let s be q(u). Let a = 49 + -25. What is the highest common factor of s and a?
3
Let f(l) = l**3 - 1. Let u be f(1). Suppose u = -j - d + 3*d + 14, d - 2 = -j. Calculate the highest common factor of 54 and j.
6
Let n(x) be the second derivative of -x**3/3 + x**2 + 7*x. Let l be n(-3). What is the highest common factor of 20 and l?
4
Suppose 3*t - 68 - 1 = 0. Calculate the highest common divisor of 207 and t.
23
Let s(t) = t - 4. Let r be s(14). Calculate the greatest common factor of 90 and r.
10
Suppose -48 = -3*g - 0*g. Let n be (g/(-20))/(2/(-40)). Calculate the highest common factor of n and 8.
8
Suppose 4*b + 2 = 6. Let g(z) = 179*z + 1. Let p be g(b). Calculate the greatest common divisor of p and 20.
20
Let x be 46/11 - (-4)/(-22). Suppose x*c = -c. Let o be c*(-1 - -2) - -29. What is the highest common factor of o and 232?
29
Let j be (-44)/(-6)*27/6. Let r be (-2)/11 + 1062/j. Let z(m) = m**2 - m + 2. Let o be z(3). Calculate the highest common factor of r and o.
8
Let i(n) = -n**3 - 5*n**2 + 3*n - 8. Let m be i(-6). Let j = -169 - -269. Suppose -3*x - x = -j. What is the greatest common divisor of m and x?
5
Let r = 0 + 2. Suppose -h - r = -9. Let w be ((-5)/(-10))/((-4)/(-280)). Calculate the greatest common divisor of h and w.
7
Suppose 0 = w - 6*w + 195. Let y = w - 3. Calculate the highest common factor of y and 24.
12
Let y = -2 - -6. Su